(c) = -2*b(c) - 7*o(c). Is q(4) composite?
False
Let y(s) = 4*s**2 - 9*s + 56. Is y(5) prime?
False
Suppose 3*i = 2*i + 3. Is 2*i/2 + 4*710 composite?
False
Let l be 38/(-9) + (-8)/(-36). Let s be 1800 + l/(0 - -4). Suppose -2212 = -3*q + s. Is q composite?
True
Is (-75855)/(-24) - 3*(-6)/48 prime?
False
Suppose -151*h = -162*h + 150513. Is h composite?
True
Is (-138855 + 1)/(-38 - -36) composite?
False
Let f(r) = 2*r**2 - 5*r - 7. Let l be f(6). Let i = l - 35. Suppose i = -5*j + 626 + 9. Is j a composite number?
False
Let g(u) = 20*u - 6 + 6*u**2 - 3 - 10*u**2 + 3*u**2. Is g(8) composite?
True
Suppose k = -h + 1000, 3*h - 5*k = h + 1986. Is h a composite number?
True
Suppose -21*u + 18*u + 15 = 0. Suppose -g - 21921 = -4*q, -u*q - 2*g = -7461 - 19937. Suppose 7*w + 1371 - q = 0. Is w a composite number?
False
Let k(h) = -h - 2. Let y be k(-5). Let x(a) = 5*a - 4*a**2 + 11*a**2 - 4 + y*a**2 + 10*a**2. Is x(3) prime?
True
Let t(d) = d**3 - 47*d**2 - 162*d - 193. Is t(60) a prime number?
True
Let d(j) = 8*j**2 - 4*j + 1. Suppose -2*c + 7 = 27. Let h(g) = g**3 + 11*g**2 + 11*g + 14. Let u be h(c). Is d(u) a composite number?
False
Suppose y = -5*x + 324, 882 = -6*y + 9*y - 3*x. Is y composite?
True
Let d be 2/(-3) + 10/6. Let h = 29 - 43. Let c = d - h. Is c prime?
False
Let o = 80 - 76. Suppose 4*x = -o*s - x + 759, -4*x = 2*s - 378. Is s prime?
True
Let s be 12/(12/16*-2). Let w be (-225)/(-20) - (-2)/s. Let y = 206 + w. Is y a prime number?
False
Suppose b = -4*p + 1, -2*p = -2*b - 2*b - 50. Let o(c) = -c - 26. Let r be o(b). Is 4/10 - 729/r prime?
False
Suppose r - 2*h - 6 = -r, 6 = -2*r - 2*h. Suppose r = -3*z + i + i + 3027, 2*i = 0. Is z a composite number?
False
Let d(w) = -22*w**3 + w**2 - 2. Let s be d(-3). Suppose s = 2*v + 5*g, 0*v - 4*g - 1160 = -4*v. Is v a composite number?
False
Let f(x) be the first derivative of 3/2*x**2 - 3 - 5*x. Is f(12) a composite number?
False
Let s = -26 - -61. Let f be 7/s - 22/10. Let x(a) = -47*a**3 - a + 1. Is x(f) composite?
False
Let l(v) = 4*v - 25. Let i be l(8). Suppose 47 = 5*c - 103. Let h = i + c. Is h composite?
False
Suppose 2*i = 522 + 722. Is i prime?
False
Suppose 5*k + 4*l = 42, -3*l + 33 = 3*k + k. Suppose -6*s = -3*s + k. Is ((-785)/s)/(4/8) a composite number?
True
Let q = -292 - -888. Let s = q - 345. Is s a composite number?
False
Let j(r) = 2504*r - 9. Is j(2) composite?
False
Suppose 0*i = -5*i + 45. Let f = i - 9. Suppose 4*y - 655 = -5*d, 4*d - 2*y + 0*y - 498 = f. Is d prime?
True
Let i(o) = 36*o + 2. Let d be i(1). Suppose 33*b + 7705 = d*b. Is b a prime number?
False
Let o(i) = -i**3 + 34*i**2 - 10*i - 11. Let d be o(27). Suppose 0 = 15*m - d - 37673. Is m prime?
True
Is (-138126)/(-10) - (26/(-65) - 0) prime?
False
Suppose 7*s - 3*s + 14 = p, 0 = -3*p - 5*s - 43. Let v(l) = 63*l**2 + 8*l - 5. Is v(p) prime?
False
Suppose -29*r = 57*r - 931982. Is r a prime number?
True
Suppose -7 - 5 = -2*r + 3*q, 20 = 3*r - 5*q. Suppose -x = -3*s + 1138, r*s - 5*x = -2*s + 737. Is s a prime number?
False
Suppose 8*w = 11859 + 10853. Is w composite?
True
Suppose 4*c - 18018 = 5*b, 2*c + 3*c + b - 22537 = 0. Is c a prime number?
True
Suppose -4466 - 1909 = -5*l. Let y = -444 + l. Is y a composite number?
True
Let w be (-3052)/(-10) + 36/45. Let g = w + 25. Is g composite?
False
Suppose 3795 + 4896 = 3*y. Is y prime?
True
Suppose 72 = 7*w - 4*w. Is (-6)/(-21) - 397*w/(-21) a composite number?
True
Let n = -53 - -60. Suppose -3771 = -n*y + 947. Is y a prime number?
False
Let l(u) = -2*u**3 - 30*u**2 - 15*u + 32. Is l(-21) prime?
True
Let u(f) = 121*f**2 + 6*f + 16. Let o be u(8). Suppose 1543 = -7*p + o. Is p prime?
False
Let p(d) = d**2 - 14*d + 13. Let j be p(13). Suppose j*l = -2*l + 6. Suppose a = -l*h + 466, 2*a = 5*h - 2*h - 481. Is h prime?
True
Let o(b) = -8265*b - 62. Is o(-11) a prime number?
False
Is 43431/62 - (-1)/2 composite?
False
Let q(i) be the first derivative of -253*i**4/4 + i**3/3 - i**2/2 - i - 8. Is q(-1) prime?
False
Let p = 29981 + -15238. Is p prime?
False
Let s = -11621 - -19660. Is s a composite number?
False
Let d be 4/4*(-8)/(-2). Suppose 3*h - 2*g - 4 = 0, -h = 6*g - 4*g + d. Suppose -4*u - u + 155 = h. Is u a prime number?
True
Let q(z) = 41*z - 5. Let u(x) = -2*x**2 + 2. Let k be u(2). Let l(t) = 42*t - 6. Let w(s) = k*l(s) + 5*q(s). Is w(-10) composite?
True
Suppose -4*l + f = -13176, -l + 3277 = f + 3*f. Is l prime?
False
Suppose -5*q + 79091 = 2*w, -73*q + 79115 = 2*w - 76*q. Is w a composite number?
True
Let u(i) = -4867*i + 184. Is u(-7) a composite number?
False
Let f = 7857 + -148. Is f a composite number?
True
Suppose -3*i = -0*i - 9. Suppose -4*p - 16 = 0, 0 = i*o - 2*p - 253 - 82. Is o a composite number?
False
Is (-2580)/(-1) - -1*(3 - 2) a composite number?
True
Suppose -5*g - 35 = -12*g. Suppose 3*x - 5*f + 606 = 3229, g*f - 2603 = -3*x. Is x a composite number?
True
Let x(i) = 7*i**3 - 4*i - 4. Let p be x(5). Suppose -4*a + 3457 - p = -5*s, -a = s + 514. Let c = s - -777. Is c composite?
True
Is 93069/48 + 13/208 prime?
False
Let f(y) = -485*y**2 - 8*y + 6. Let g be f(-6). Is 4/(-22) - g/(-44)*-2 composite?
True
Suppose -5*l + 58203 = 4*l. Is l composite?
True
Is 5962 + (-1 + 2)*7 a prime number?
False
Suppose -5*z = b - 3064, 3*z - 3070 = -3*b + 2*b. Is b a composite number?
False
Let a = -1 + 3. Suppose 3*x + 5 = -1, 4*x = a*k - 2334. Is k prime?
True
Let c(t) = 27*t + 1. Let p(v) be the first derivative of v**2/2 + 3*v - 2. Let x be p(3). Is c(x) a prime number?
True
Suppose 189098 = 9*r + 5*r. Is r composite?
True
Suppose 3 = -h - 5*x, h + x - 7 = -3*h. Is h/(-3) + 1 + (-16328)/(-12) a prime number?
True
Let m be 1/2*2 - 63. Let p be (m/2 - 3) + -2. Let f = p - -85. Is f a composite number?
True
Let s(k) = 72*k**2 + 10*k + 105. Is s(-14) a composite number?
True
Suppose -r - 3*i = -13069, -4*r + 2*i + 6507 = -45825. Is r a prime number?
False
Let k(h) = -h**3 - 20*h**2 + 23*h + 42. Let c be k(-21). Suppose c = z - 85 - 262. Is z a prime number?
True
Suppose 22*v + 60 = 27*v. Suppose -3*g = -0*g + v, -28 = 4*f + 5*g. Is 442 + (-6 - (-5 - f)) a composite number?
False
Let t(n) = -n**3 + n**2 + 12*n + 1779. Is t(0) a composite number?
True
Let y be 377 - (-4)/((-8)/2). Suppose f + 0*l = -l - 209, 12 = 3*l. Let a = f + y. Is a a composite number?
False
Suppose 0 = t + 3, 15755 = 4*a + 4*t - 23501. Is a a prime number?
True
Is 0 - 1 - (1 - 315995/5) a prime number?
True
Suppose -2*s + 24 = 3*j + 2*s, -18 = -3*j - 2*s. Suppose 872 = j*l + 4*w, w - 10 = 3*w. Is l a prime number?
True
Is (-140 - 9)*(0 + -1) prime?
True
Let i(t) be the second derivative of -7*t**3/3 - 5*t**2/2 - 7*t. Is i(-3) composite?
False
Let q be 35/14*(-4)/5. Let p(t) = -t**3 - 2*t**2 - 3*t - 1. Let m be p(q). Suppose 4*d - 3*n = 636, -m*d - 2*n + 795 = -0*d. Is d a prime number?
False
Is (-5 - -4)/((28/(-2764))/7) a prime number?
True
Suppose 16 = 4*w - 0*w. Let u = 1332 - 24. Suppose -4*z = -2*h - u, -w*z = -5*h + 2*h - 1310. Is z a composite number?
True
Let n = 10211 - -3384. Is n a composite number?
True
Let j(r) = -2*r**3 - 35*r**2 + 13*r - 51. Is j(-25) a prime number?
True
Let u = 4497 - -86. Is u composite?
False
Let q be (-4)/(4/(-223))*5. Let l(j) = -13*j - 19. Let b be l(5). Let z = b + q. Is z a composite number?
False
Let y = -12 + 16. Suppose 125 = y*t - 823. Let c = -140 + t. Is c a prime number?
True
Let f = 41932 + -27539. Is f composite?
True
Suppose 0 = 5*v + 5*f - 7275, 3*v - 2935 = v + 3*f. Suppose 5*g = -4*u + 173 + v, 0 = 3*u - 5*g - 1216. Is u a composite number?
True
Let m = -18 + 24. Let k = 27 + m. Is k composite?
True
Let s(o) = 26*o**3 + 12*o**2 - 5*o + 11. Is s(6) a prime number?
True
Let w = -247 - -416. Suppose -f - 3*c - 20 = -87, -3*f - c + w = 0. Is f a prime number?
False
Let s be (203 - 8) + 4/(-1). Suppose 2*x - 5*j = 88, 4*j - 73 + s = 3*x. Is x a composite number?
True
Suppose -44821 - 18419 = 3*s. Let f be s/(-90) + (-2)/9. Suppose 0 = -3*x + 339 + f. Is x a composite number?
False
Let l be (-16)/(-6)*(-1 + 7). Suppose -l*k + 5*k = -869. Is k composite?
False
Let v = 161766 - 88349. Is v a composite number?
False
Let f(q) = q**3 + q**2 + 2*q. Let y be f(0). Is (-3 + -1520)/(-2 + 1 - y) prime?
True
Suppose 38*o - 42*o - 5*v = -132243,